Let q = f + 228. List the prime factors of q.
2, 3, 17
Let l be 3/((4 - 2) + -1). Suppose -l*c - 5*i = -2507, -2*c + 4*i + 4129 = 3*c. What are the prime factors of c?
829
Suppose 47*o - 141522 = 4*o + 416403. List the prime factors of o.
3, 5, 173
Let v = -22 - -10. Let b(j) = 463 - 410 - 12*j + 5*j. List the prime factors of b(v).
137
Suppose 2*w - 111 - 41 = 0. Let m(y) = -13*y + 55. Let i be m(6). Let b = w - i. List the prime factors of b.
3, 11
Let a be (-2 + 64/28)*7/2. Let y be a*-4 - (-742)/(-14). Let m = y + 241. What are the prime factors of m?
2, 23
Suppose 3*h - 68349 = -4*n + 88526, -5*h = -5*n - 261470. What are the prime factors of h?
3, 17431
Let x(a) = -3 - 33*a - 25*a - 58*a - 45. Let g be x(-6). Suppose -5*z = 7*z - g. List the prime factors of z.
2, 3
Suppose 123*d - 200843 = 205426. What are the prime factors of d?
3, 367
Suppose 0*r = 4*i + 4*r - 440, -5*r = 0. Let q = -310 + i. Let x = -89 - q. What are the prime factors of x?
3, 37
Let o = 130 - 127. Suppose 7*m - 1192 = 4*m - 2*f, -m - o*f = -409. List the prime factors of m.
2, 197
Suppose -68*c + 9641 = x - 73*c, 0 = -5*c - 35. List the prime factors of x.
2, 3, 1601
Let l = 30 - 28. Suppose i + 4*c = -25, -l*c = -5*i - 12 - 3. List the prime factors of 10/(i/(-2) - 2).
2, 5
Let p = -20 - -5. Suppose 822 = -8*h + 806. List the prime factors of (-55)/p*3 + h.
3
Let l = -4556 - -4790. Suppose -4*d - f + 36 = -22, 5*d - 71 = -2*f. Let g = d + l. List the prime factors of g.
3, 83
Let b(h) = 2355*h**2 - 116*h + 36. What are the prime factors of b(-5)?
41, 1451
Let m(i) = 38*i**2 + 86*i - 1586. List the prime factors of m(39).
2, 13, 29, 79
Let m(z) = -2*z**2 + 229*z - 270. What are the prime factors of m(98)?
2, 3, 13, 19
Suppose -5*r + 2*y + 841 = -1907, -2*y = 5*r - 2732. Suppose 2*d - r = -0*d. What are the prime factors of d?
2, 137
Let p(b) = 25*b**3 + 4*b - 9. Let f be p(2). Suppose -205*z + 1272 = -f*z. What are the prime factors of z?
2, 53
Let t(r) = -r**3 + 8*r**2 - 8*r + 12. Let w be t(7). Let m = 617 - 366. Suppose -w*h - 71 = -m. What are the prime factors of h?
2, 3
Let z(u) = 24*u + 11. Let i be z(8). Let j = -213 - -334. Let q = i - j. List the prime factors of q.
2, 41
Suppose -4*l - d + 5 = -14, 5*l - d = 35. Let p be 133/l + 3/(-18). What are the prime factors of (4/p + 1620/44)*1?
37
Let s = -470 - 292. Let x = -292 - s. What are the prime factors of x?
2, 5, 47
Let z be (6 - 3)/((12/(-10))/(-2)). Suppose 0 = -z*h + v + 157, 3*h + 2*v - 57 = 45. Suppose h*j = 33*j - 111. List the prime factors of j.
3, 37
Suppose 210*f - 1030 = 205*f. Let k = f + 65. What are the prime factors of k?
271
Suppose 490 = -b + 2*b + 4*i, 0 = -3*b - i + 1514. Let s be 15*(80/6 - 2). Suppose -2*x + b - s = 0. What are the prime factors of x?
2, 3, 7
Let a = -44 + 46. Suppose 1011 = 3*l + a*y, l - y = 2*y + 337. What are the prime factors of l?
337
Let p(q) = 626*q - 3836. List the prime factors of p(16).
2, 3, 5, 103
Let u(r) = -149*r**3 - 2*r**2 - 5*r - 25. List the prime factors of u(-4).
7, 23, 59
Let g = 57 - -1247. Suppose 4*o - 5*s = g, 4*s - 14 = 2. List the prime factors of o.
331
Let x(j) = 9*j**2 - 231*j**3 - 5*j + 21*j**3 - 5 - 8*j**2. List the prime factors of x(-1).
211
Suppose -f + 3*a = -4619, 5*f - 8425*a = -8422*a + 23119. List the prime factors of f.
5, 37
Suppose 4*u = 3*y + 56539, 2*y + 70668 = 5*u + 4*y. List the prime factors of u.
2, 37, 191
Let h(c) = -19*c - 5 - 3 + 35*c. Let r be h(11). Suppose 5*q - r = 242. List the prime factors of q.
2, 41
Suppose -2*d - 30736 = -2*n, 10*n - 4*d = 12*n - 30718. List the prime factors of n.
5, 7, 439
Let l(n) = 46*n**2 + 26*n - 4. Let g be l(-4). Suppose 3*p - 4*j - 1279 = 0, 0 = -0*p + 3*p + 2*j - 1255. Let m = g - p. List the prime factors of m.
3, 23
Let y(o) = -11*o**3 - 25*o**2 + 5*o + 22. What are the prime factors of y(-7)?
3, 5, 13
Let n = -233 - -51. Let u = -156 - n. What are the prime factors of u?
2, 13
Let u be (-3)/((-7)/((-56)/(-12)))*1. Let p(y) = 275*y + 17. List the prime factors of p(u).
3, 7
Suppose 4*p + 238 = -162. Suppose 715 = 9*u - 4*u. Let r = p + u. List the prime factors of r.
43
Suppose 4*d + 1 = 13. What are the prime factors of 312 + ((-2)/(-2) - d)?
2, 5, 31
Let s = -16465 - -33583. What are the prime factors of s?
2, 3, 317
Let w be 0 + 0 + -3 + 4 + 964. Suppose 5*y + 5*i - w = 0, y - 3*i = -y + 366. What are the prime factors of y?
3, 7
Let k(q) = -3*q - 6. Let j be k(-4). What are the prime factors of (-727 + j + -3)*(-3)/4?
3, 181
Suppose -3046*m = -3012*m - 354586. List the prime factors of m.
10429
Let u be 239*1 + 15/(-5) + 4. Let g(v) = 13*v - 55. Let k be g(21). Suppose 3*c = 4*x + 3 - k, 0 = 5*x + 2*c - u. What are the prime factors of x?
2, 5
Suppose -32*w + 35*w = -r + 2319, 3085 = 4*w - r. What are the prime factors of w?
2, 193
Let k(h) = -2676*h - 351. What are the prime factors of k(-2)?
3, 1667
Let l(w) = w + 22. Let o be l(-8). Suppose o = -2*v + 24. Suppose -v*a = -6*y + 7*y - 161, 0 = 3*y + 3*a - 471. List the prime factors of y.
2, 3, 13
Let q be -10*((-2 - 175) + 4). Let r = q - 959. List the prime factors of r.
3, 257
Suppose -23*g + 528 = -31*g. Let x = g - -1013. List the prime factors of x.
947
Let c(q) = 38735*q**2 + 88*q - 89. What are the prime factors of c(1)?
2, 107, 181
Let k = -1323 + 1172. Suppose 0 = -5*h + 620 + 680. Let y = k + h. List the prime factors of y.
109
Suppose -50 = 19*g - 29*g. Suppose -c + 649 = -0*p + g*p, 3*c + 504 = 4*p. What are the prime factors of p?
3, 43
Suppose 1139*s - 1097*s - 3557442 = 0. What are the prime factors of s?
84701
Suppose 2*k = 5 - 1. What are the prime factors of (567/(-12))/(-4*k/64)?
2, 3, 7
Suppose -4*w + 5*h + 4854 = -1722, 4*h = w - 1633. List the prime factors of w.
17, 97
Suppose 0 = -37*c + 237883 - 14783 + 21692. What are the prime factors of c?
2, 827
Suppose 19745 - 110725 = -41*k + 502536. List the prime factors of k.
2, 7, 11, 47
List the prime factors of (-5 + 11)/(-12)*(-3477 - 3).
2, 3, 5, 29
Suppose 35*k - 60798 = 55332. List the prime factors of k.
2, 3, 7, 79
Let u = 57 - 55. Suppose -4*d = -2*q - 447 - 4467, -3703 = -3*d - u*q. What are the prime factors of d?
1231
Suppose -15124 - 77724 = -30*w + 203582. What are the prime factors of w?
41, 241
What are the prime factors of 2262288/21*((-2)/(-18) + (-5)/(-36))?
2, 6733
Let w be (-6 + 18 + -4)/(1 + 1). List the prime factors of 4*-31*(11 + w + -23).
2, 31
Let d(r) = 9*r**3 + 26*r**2 + 2*r + 89. List the prime factors of d(17).
2, 11, 2357
Suppose 21620 = 2*u + 4*z - 39188, 5*u - 15*z - 152220 = 0. List the prime factors of u.
2, 3, 5, 13
Let g(s) = 2433*s - 124. What are the prime factors of g(4)?
2, 1201
List the prime factors of (20396/(-6))/(38/(-57)).
5099
What are the prime factors of ((-6)/(-9)*(-87)/2)/(20/(-1580))?
29, 79
Suppose -8*f = 2*f - 40. Let l(q) = 0*q**2 - 3*q + f*q + 2*q + 1 - q**2. List the prime factors of l(2).
3
Let h(l) be the third derivative of 13*l**5/30 - l**4/3 + 23*l**3/6 + l**2 + 1. What are the prime factors of h(4)?
11, 37
Let s(v) = -v**2 + 5*v + 10. Let l be s(-13). Let k = l - -230. List the prime factors of k.
2, 3
Suppose -107*m - 297*m + 25789820 = 6*m. List the prime factors of m.
2, 7, 4493
Let z(a) = 798*a**2 - 12*a. List the prime factors of z(1).
2, 3, 131
Let d(y) = 6*y**2 + 12*y - 3. Let a(b) = -2*b - 11. Let i be a(-7). Let s be 8*-1*(i/6)/1. What are the prime factors of d(s)?
3, 5
Suppose -2*a - 4*v + v = 9, 0 = 4*a + 3*v + 9. Suppose a = 2*i - 0*u + 3*u - 4, 3*i + 8 = -u. List the prime factors of (1/i - (-2037)/(-28))*-1.
73
Let x be 3/(6/3 + (-7)/5). Suppose 0 = 2*s - 5*y - 5 + 23, 0 = 4*s + x*y - 24. What are the prime factors of -4 + -4 + s + 100?
3, 31
Suppose -16*t + 2*t + 73944 = -t. List the prime factors of t.
2, 3, 79
Suppose -t + 3*t - w - 10 = 0, -25 = -5*t + 5*w. Let p be 24 + 4/(-1) + 3. Suppose -622 = -t*g + p. List the prime factors of g.
3, 43
List the prime factors of 2/5*(-205066)/(-4) + (-27)/45.
2, 10253
Suppose 2*m + 0*h = -2*h + 7046, 0 = -42*m - h + 147925. What are the prime factors of m?
2, 3, 587
Suppose 10*r = -20*r + 10*r + 549820. What are the prime factors of r?
37, 743
Let b be 15/(-9) + 87/9. Suppose -2*z - z = -2*a - 5158, -b = 4*a. What are the pri